 w. Is 6 a factor of o?
False
Let k(x) = 30*x**2 + 41*x - 21. Is 8 a factor of k(-6)?
False
Suppose 2*b + 82 + 108 = 0. Let v = b - -99. Does 3 divide v?
False
Suppose 0 = -2*r + 5*p + 4, -4*p = -4*r - 3*p + 8. Is (-11)/(7/(-21)*(r - -1)) a multiple of 5?
False
Let a = -349 + 637. Is 9 a factor of a?
True
Let a(o) = 44*o - 139. Is 43 a factor of a(10)?
True
Let x = 930 - -553. Is 11 a factor of x?
False
Suppose 47*l - 1 = 46*l, 0 = 2*k + 4*l - 1534. Is k a multiple of 85?
True
Let k be 12/8*-2 - -156. Suppose 7*q - k - 169 = 0. Does 33 divide q?
False
Let j(f) = -5*f - 7. Let q(n) = 10*n + 13. Let z(g) = -5*j(g) - 2*q(g). Let d be z(12). Suppose 5 = i, -4*l + d = 2*i - 1. Is l a multiple of 15?
True
Let a = 704 - 320. Suppose -d + a = d. Suppose 0*l - 4*j - 57 = -l, -2*j = 4*l - d. Does 15 divide l?
False
Suppose 5*i - 43 = 2*z, -2*i + 3*i - 3*z = 6. Let m(f) = 4*f + i + 12 + f - 4*f. Is 19 a factor of m(0)?
False
Let i(y) = 4*y**3 + y**2 - 1. Let m be 3/1*(3 + 0 + -2). Is 29 a factor of i(m)?
True
Let o(r) = -2*r**3 - 10*r**2 + 13*r - 55. Does 16 divide o(-13)?
True
Let o(a) = a**3 - 8*a**2 + 2*a - 7. Let s(q) be the third derivative of 2*q**5/15 - 8*q**2. Let c be s(-1). Is 3 a factor of o(c)?
True
Let d = 238 + -414. Let l = -119 - d. Is l a multiple of 22?
False
Suppose -2*t + 13 = -0*t + 5*g, -3*t = -5*g - 7. Suppose 2*s - 18 = -2*n, t*s - 32 = s + 2*n. Is 2 a factor of s?
True
Suppose j = -4*j - 20, -4*j = 5*d - 9. Suppose 0 = -3*l + d*o - 9, -2 + 11 = -3*l - o. Is 13 a factor of ((-1)/l)/(1/171)?
False
Let h be (1 - 2/3)*3. Let z = h + 12. Is z even?
False
Let j = 26 - 38. Let p = 12 + j. Suppose p = -y - y + 164. Is 20 a factor of y?
False
Suppose 8 = -d - 3*a, 2*a = 4*d - a - 28. Suppose d*q - 5*k = 63, 2*q = -k - k + 36. Suppose -q = -u + 32. Is 13 a factor of u?
False
Suppose 54 + 6 = 5*y. Suppose 0 = -4*k + 4 + y. Is 19 a factor of ((-38)/k)/(1/(-2))?
True
Let b = 43 + -55. Let l(c) = 17*c + 10. Let s be l(-8). Does 5 divide 9/b + s/(-8)?
True
Suppose 20 = -3*c - 2*c - 2*k, -7 = -3*c - 5*k. Let w(h) = 8*h**2 + 2*h + 21. Does 27 divide w(c)?
True
Let g(w) = 3*w**2 - 14*w + 14. Let d(s) = s**2 - 5*s + 5. Let r(k) = -11*d(k) + 4*g(k). Let u(b) = b**3 - 6*b**2 - 5*b - 11. Let l be u(7). Does 7 divide r(l)?
True
Suppose 0 = -6*a + a. Let t be 3/2 + (-4)/(-8). Suppose 0 = 3*p + h - 76, -h + a - 49 = -t*p. Is 18 a factor of p?
False
Let c be -14 - 0/(4 - 3). Let z(t) = t**3 - 10*t**2 - 5*t. Let f be z(8). Is 17 a factor of (c/8)/(7/f)?
False
Let v be 60/(-40)*(-44)/6. Let y = -9 + v. Suppose -y*d + 5 + 5 = 0, -d = -5*u + 45. Is u a multiple of 3?
False
Let l be (-77)/(-33) - (-2)/(-6). Suppose i = -l*f + 36, 2*f + 3*f = 2*i + 108. Is 7 a factor of f?
False
Suppose 24 = 2*s + 16. Suppose 260 = -s*a - 244. Let u = -89 - a. Is u a multiple of 10?
False
Let s(a) = -a**2 - 13*a - 3. Let v be s(-9). Let n = -15 + v. Is n a multiple of 14?
False
Let u(y) = -14*y + 3*y**2 - 2 - 2*y**2 + 15*y. Suppose o - 16 + 22 = 0. Does 19 divide u(o)?
False
Is 15 a factor of 41940/60 - (-1 + -7)?
False
Let d(p) = -p**2 + 8*p - 11. Let u be d(5). Suppose 0*w - 4*w = 3*a - 26, -u*a + 68 = -3*w. Is a a multiple of 7?
True
Suppose 5*s + 207 - 2292 = 0. Let o = s + -105. Does 16 divide o?
False
Suppose -o = -q + 77 - 10, -2*o = -4*q + 258. Is 31 a factor of q?
True
Let j = 670 - 278. Suppose j = 5*f + 3*p, 2*p = 3*f - 167 - 53. Suppose i + i = f. Is i a multiple of 19?
True
Let v be 1/(4 + (-19)/5). Suppose -3*g + 93 = 2*s, 0*s = 2*s + v*g - 95. Is s a multiple of 15?
True
Let j = 1600 - 1264. Is 8 a factor of j?
True
Let q = 7 + -4. Suppose -i = o - 2, i - 20 = -4*i - q*o. Suppose -v + i + 25 = 0. Does 32 divide v?
True
Let w(t) be the second derivative of -t**5/20 + 5*t**4/12 + 13*t**3/6 - 8*t**2 + 16*t. Is 5 a factor of w(5)?
False
Does 64 divide 995364/486 - 8/108?
True
Let s(i) = -4*i + 12. Let x be s(-9). Suppose -1 + 5 = 4*p, 0 = 2*k + 2*p - x. Suppose 3*q = -3*l + 25 + k, l - q - 24 = 0. Is 19 a factor of l?
False
Is 12/(-78) + 14028/91 a multiple of 6?
False
Let g = -30 + 20. Let r = 20 + g. Suppose a - 54 = m - r, m = -4*a + 171. Is 10 a factor of a?
False
Let q(g) = 306*g - 295. Does 79 divide q(10)?
True
Let m(w) = 10*w**2 - 6*w - 27. Is 9 a factor of m(-6)?
True
Suppose 4792 = 8*y + 312. Does 19 divide y?
False
Let z be (5 + 0)*2/5. Is ((-67)/2)/((-1)/z) a multiple of 16?
False
Let k = 613 - -67. Is 34 a factor of k?
True
Suppose 0 = -27*y + 25716 + 5307. Is y a multiple of 75?
False
Suppose -2*k + 6*p = 9*p - 4261, -4263 = -2*k - p. Is 17 a factor of k?
False
Suppose 4*p = -0*p - 28. Let b = p - 41. Is (15/6)/((-2)/b) a multiple of 20?
True
Let g = -17 - -18. Is 34 - (g - (1 + -2)) a multiple of 6?
False
Suppose 82*x - 85*x = -9. Suppose 0 = -v + x*v - 420. Is v a multiple of 21?
True
Suppose 5*m - 2 = s, 5*s - 26 = 6*s + 3*m. Let b(f) = f**3 + 4*f**2 + f + 2. Let v be b(-5). Let w = s - v. Is 7 a factor of w?
False
Let j = 22 + -21. Let o be j/7 - (-9568)/56. Is (10/15)/(3/o) a multiple of 10?
False
Let y(o) be the first derivative of 2*o**3/3 - 11*o**2 + 6*o - 15. Is y(15) a multiple of 18?
True
Suppose -17*n = -12*n - 125. Let j = -15 + n. Is j a multiple of 4?
False
Let u = -1539 - -2765. Is u a multiple of 47?
False
Let w(h) = 10*h + 3 - 10*h**2 + h**3 + h - 1 + 0. Let n be 4 + (-15)/((-3)/1). Is 20 a factor of w(n)?
True
Let d = 582 + -1624. Let k = d + 682. Does 18 divide (k/(-28))/(1/7)?
True
Let w(d) = -d + 11. Suppose q - 3 = 1. Let t(y) = 3*y - 21. Let j(r) = q*t(r) + 7*w(r). Is 17 a factor of j(6)?
False
Let c be 3 + -17*(-3)/3. Let u = 30 + c. Suppose 6*h - u = 40. Is h a multiple of 5?
True
Suppose 63 = -3*o + 57, -o + 6349 = 3*x. Does 107 divide x?
False
Suppose -45 = 7*z - 1445. Does 10 divide z?
True
Suppose -5*z - 181 - 161 = 4*p, 0 = 5*z + p + 333. Let k = z + 71. Does 5 divide k?
True
Suppose -8 = -4*q - x, 0*q + 31 = 5*q - 4*x. Is 14 a factor of q + 1 + (-72)/(-3)?
True
Suppose -b = 5*j - 1 - 21, -3*b = 5*j - 26. Let v(c) = -c. Let z be v(-7). Suppose 4*p - b*l - 278 = 0, -5*p = z*l - 2*l - 340. Is p a multiple of 11?
False
Let z be (-712)/(-16) + -1 + 3/2. Suppose 2*b = 3*d - 294, 2*d - z = 4*b + 143. Does 12 divide d?
False
Let h(r) = -r**2 + 64*r - 636. Is h(42) a multiple of 6?
True
Let b(m) = -m**2 + 6. Let u be b(0). Suppose u - 2 = 2*g. Suppose -2*t + 324 = g*t. Is 18 a factor of t?
False
Let b be 8/40 + 177/15. Suppose -b = -4*h, -3*s - s - 2*h + 314 = 0. Does 7 divide s?
True
Let r(p) = 15*p**2 + 2. Let h be r(-1). Let x = 41 - h. Does 4 divide x?
True
Let u = 10 - 4. Suppose 5 = 7*y - u*y. Suppose -26 - 139 = -y*o. Is 14 a factor of o?
False
Let p(c) = -2*c**3 + 32*c**2 - 9*c - 10. Is p(14) a multiple of 36?
True
Suppose 10 - 2 = 4*z. Suppose -z = g - 118. Does 29 divide g?
True
Suppose -16 = -m + 3*o - 5, -4*o = -3*m + 18. Suppose -y + 4 = 0, m*y = -5*b - 173 + 701. Does 10 divide b?
False
Let w = -198 - -582. Is w a multiple of 12?
True
Let h = 29 + 35. Suppose -4*l + 112 = -h. Is 11 a factor of l?
True
Let y(k) = 7*k - 5. Let w(c) = -c - 25 - c + 23 + 6*c. Let b(p) = 14*w(p) - 6*y(p). Does 22 divide b(3)?
True
Let y(l) = -l**2 + 21*l - 2. Let u be y(18). Suppose r + 89 = 5*c + 2*r, 3*c - u = -2*r. Is c a multiple of 18?
True
Let t(o) = o**3 + 12*o**2 + 18*o + 35. Suppose -n - 194 + 184 = 0. Is t(n) a multiple of 5?
True
Let t(l) = l**3 + 2*l**2 - 8*l - 4. Let j be t(-4). Is 5 a factor of (4/j)/1 + 23?
False
Suppose -20 = -4*i + 3*f - 7, 0 = 3*i + 4*f - 41. Let g = i - 2. Suppose n + 89 = d + 11, g = -5*n. Is d a multiple of 23?
False
Let o(x) = 504*x**3 - 7*x + 14. Is o(2) a multiple of 14?
True
Is 29 a factor of (-2 - 14)/((-30)/7065)?
False
Suppose 3*r = 3*h, 5*h = -0*r + 3*r + 6. Let z(j) = -j - 2*j + h - j. Is z(-6) a multiple of 9?
True
Let q = 3316 + -2214. Does 19 divide q?
True
Let w = 149 + -149. Suppose n - 5*j - 145 = 0, -n + 4*j + w*j + 148 = 0. Is n a multiple of 10?
True
Let x = -2 + 9. Suppose -x*j + 75 = -6*j. Does 15 divide j?
True
Let r(c) be the first derivative of -7*c**2/2 + 20*c - 1. Is r(-15) a multiple of 18?
False
Let s(t) be the first derivative of t**4/24 + t**3/3 - t**2 + 5. Let d(j) be the second derivative of s(j). Is d(6) a multiple of 8?
True
Let g = 819 - 287. Does 38 divide g?
Tr